factor of 8 and 4.
4
Calculate the greatest common divisor of 83 and 4.
1
What is the greatest common factor of 18 and 3270?
6
Calculate the greatest common factor of 1134 and 630.
126
What is the highest common factor of 1 and 172?
1
What is the highest common factor of 118 and 1829?
59
What is the highest common divisor of 416 and 65?
13
Calculate the highest common divisor of 602 and 258.
86
What is the highest common factor of 94 and 25286?
94
Calculate the greatest common divisor of 10 and 130.
10
Calculate the highest common divisor of 10356 and 12.
12
Calculate the greatest common factor of 8897 and 651.
217
What is the highest common factor of 34 and 1666?
34
Calculate the highest common factor of 78 and 6.
6
Calculate the greatest common factor of 975 and 36725.
325
What is the greatest common divisor of 121 and 2123?
11
Calculate the highest common factor of 432 and 32.
16
What is the highest common factor of 286 and 26?
26
Calculate the greatest common divisor of 135 and 513.
27
Calculate the greatest common factor of 372 and 930.
186
Calculate the greatest common factor of 210 and 1610.
70
What is the greatest common factor of 1736 and 392?
56
What is the greatest common factor of 33 and 10032?
33
What is the highest common factor of 434 and 28?
14
What is the greatest common factor of 1666 and 952?
238
Calculate the greatest common divisor of 144 and 234.
18
Calculate the greatest common factor of 176 and 99.
11
Calculate the greatest common divisor of 30 and 606.
6
What is the highest common divisor of 674 and 2?
2
Calculate the highest common divisor of 69 and 9936.
69
What is the greatest common divisor of 2 and 177?
1
What is the greatest common factor of 60 and 105?
15
Calculate the greatest common divisor of 4 and 54.
2
What is the greatest common divisor of 24 and 4116?
12
Calculate the greatest common divisor of 14084 and 28.
28
What is the greatest common factor of 88 and 256?
8
Calculate the greatest common divisor of 62 and 558.
62
What is the highest common divisor of 412 and 20?
4
Calculate the highest common divisor of 16 and 664.
8
Calculate the highest common factor of 798 and 7.
7
What is the greatest common factor of 55 and 6215?
55
Calculate the greatest common factor of 15 and 85.
5
Calculate the greatest common divisor of 3269 and 28.
7
What is the greatest common divisor of 236 and 4?
4
Calculate the highest common factor of 186 and 8122.
62
Calculate the highest common factor of 642 and 5350.
214
What is the greatest common divisor of 968 and 1672?
88
What is the greatest common factor of 236 and 177?
59
What is the highest common divisor of 962 and 74?
74
Calculate the greatest common factor of 1943 and 203.
29
Calculate the greatest common divisor of 3507 and 63.
21
Calculate the greatest common factor of 60 and 105.
15
Calculate the highest common divisor of 175 and 945.
35
What is the greatest common factor of 4891 and 146?
73
Calculate the greatest common factor of 279 and 9.
9
Calculate the greatest common divisor of 5236 and 56.
28
What is the highest common divisor of 80 and 5480?
40
Calculate the highest common factor of 70 and 1267.
7
What is the greatest common divisor of 609 and 2958?
87
Calculate the highest common factor of 33 and 528.
33
Calculate the highest common divisor of 279 and 62.
31
What is the highest common factor of 52 and 2756?
52
What is the greatest common divisor of 15416 and 24?
8
Calculate the greatest common divisor of 11 and 704.
11
Calculate the highest common divisor of 2097 and 54.
9
Calculate the highest common divisor of 646 and 114.
38
Calculate the greatest common factor of 644 and 6580.
28
Calculate the greatest common divisor of 140 and 196.
28
What is the highest common divisor of 38 and 38?
38
What is the greatest common divisor of 861 and 84?
21
Calculate the highest common divisor of 54 and 2646.
54
What is the greatest common divisor of 98 and 294?
98
Calculate the greatest common factor of 84 and 12.
12
Calculate the highest common factor of 38 and 1216.
38
Calculate the greatest common factor of 75 and 72525.
75
Calculate the highest common divisor of 243 and 3483.
81
What is the highest common divisor of 3 and 7?
1
What is the highest common divisor of 20 and 35?
5
What is the highest common factor of 6 and 1218?
6
Calculate the greatest common factor of 1323 and 81.
27
Calculate the highest common factor of 1298 and 472.
118
What is the greatest common factor of 168 and 546?
42
What is the greatest common divisor of 899 and 58?
29
Calculate the highest common divisor of 44 and 418.
22
Calculate the greatest common divisor of 594 and 22.
22
What is the highest common factor of 26 and 3614?
26
Calculate the greatest common factor of 126 and 336.
42
Calculate the greatest common factor of 1616 and 32.
16
Calculate the greatest common factor of 27 and 3375.
27
Calculate the highest common divisor of 124 and 4.
4
What is the highest common divisor of 26 and 20293?
13
Calculate the highest common factor of 675 and 27.
27
Calculate the highest common divisor of 44 and 412.
4
Calculate the greatest common divisor of 180 and 5895.
45
What is the greatest common divisor of 61 and 183?
61
What is the greatest common factor of 2550 and 30?
30
Calculate the greatest common factor of 1364 and 3069.
341
What is the greatest common divisor of 1222 and 117?
13
Calculate the highest common divisor of 1589 and 161.
7
Calculate the highest common divisor of 13 and 559.
13
Calculate the highest common factor of 100 and 450.
50
Calculate the highest common divisor of 168 and 1218.
42
Calculate the highest common divisor of 51010 and 10.
10
Calculate the greatest common factor of 21 and 63.
21
What is the highest common divisor of 11782 and 86?
86
Calculate the greatest common divisor of 35 and 10955.
35
What is the highest common factor of 99 and 891?
99
Calculate the highest common divisor of 17 and 493.
17
What is the greatest common divisor of 3 and 108?
3
What is the greatest common factor of 35 and 55?
5
Calculate the greatest common factor of 13 and 31603.
13
Calculate the highest common factor of 16 and 4.
4
Calculate the highest common factor of 321 and 428.
107
What is the highest common factor of 21280 and 912?
304
Calculate the greatest common factor of 200 and 60.
20
What is the highest common divisor of 224 and 616?
56
What is the greatest common factor of 1125 and 9?
9
What is the highest common factor of 8 and 296?
8
Calculate the greatest common factor of 4740 and 180.
60
Calculate the greatest common divisor of 68 and 119.
17
What is the greatest common factor of 442 and 1274?
26
What is the highest common divisor of 4 and 16?
4
Calculate the greatest common divisor of 255 and 2091.
51
Calculate the highest common divisor of 817 and 43.
43
What is the highest common factor of 3536 and 8398?
442
What is the greatest common divisor of 9782 and 67?
67
What is the highest common divisor of 3 and 159?
3
What is the highest common factor of 581 and 7?
7
Calculate the highest common factor of 60 and 2140.
20
What is the highest common factor of 24 and 120?
24
Calculate the highest common factor of 414 and 12.
6
Calculate the greatest common divisor of 205 and 77695.
205
What is the greatest common divisor of 3924 and 36?
36
Calculate the highest common factor of 33 and 231.
33
What is the highest common divisor of 253 and 22?
11
What is the highest common divisor of 1755 and 2700?
135
Calculate the highest common factor of 279 and 27.
9
What is the greatest common factor of 164 and 5166?
82
What is the greatest common factor of 51 and 4369?
17
Calculate the greatest common divisor of 3577 and 196.
49
Calculate the greatest common divisor of 136 and 5032.
136
What is the highest common factor of 793 and 13?
13
What is the greatest common factor of 24 and 180?
12
What is the highest common divisor of 60 and 5820?
60
Calculate the highest common factor of 230 and 20.
10
Calculate the highest common factor of 9780 and 75.
15
What is the greatest common factor of 18000 and 125?
125
What is the highest common factor of 18 and 13722?
6
Calculate the greatest common divisor of 816 and 663.
51
Calculate the greatest common factor of 2645 and 5.
5
What is the greatest comm